 (base 7) in base 9?
506375
What is 74620 (base 8) in base 3?
1120200121
Convert 14412410 (base 5) to base 9.
254347
What is a48177 (base 15) in base 16?
7760e3
What is 20152201 (base 6) in base 2?
10001100010010101001
Convert 150770 (base 12) to base 9.
588043
What is -6282 (base 15) in base 5?
-1131242
What is -1111211212200 (base 3) in base 4?
-3010102131
-4a04ac (base 14) to base 8
-11531710
What is -220012122220 (base 3) in base 5?
-110222040
Convert -51c75 (base 14) to base 7.
-1451105
276994 (base 10) to base 9
461861
What is -12ac873 (base 14) in base 10?
-9023941
122178 (base 12) to base 5
33401441
What is -121211001 (base 4) in base 2?
-11001100101000001
-222323020201 (base 4) to base 11
-6395a95
-100111111111000 (base 2) to base 4
-10333320
100001112210 (base 3) to base 16
2b863
What is -111a52a (base 11) in base 2?
-111011110110011110000
Convert 5003641 (base 9) to base 10.
2659915
What is 10001430032 (base 5) in base 14?
142dbaa
-1423220440 (base 5) to base 9
-7008551
Convert 266b5 (base 14) to base 13.
340c4
What is 1117056 (base 8) in base 14?
7c410
1222200201202 (base 3) to base 12
42b732
-1086b72 (base 12) to base 4
-30010130012
Convert -34016 (base 10) to base 11.
-23614
-12133022303 (base 4) to base 10
-1700531
Convert -922f0 (base 16) to base 7.
-5042452
What is 2130302 (base 6) in base 16?
19a7e
What is -20436226 (base 7) in base 8?
-6446455
Convert 111111011000010011110 (base 2) to base 12.
841a52
What is 8bb1a (base 12) in base 7?
1404511
What is -1100101111101101001010 (base 2) in base 8?
-14575512
What is 27792 (base 11) in base 14?
105ab
-101000100100001100 (base 2) to base 13
-5a823
What is 372531 (base 8) in base 14?
34ab7
What is 63166a7 (base 11) in base 5?
10322322424
-410225 (base 6) to base 13
-11a32
Convert -3c6f3a (base 16) to base 13.
-a88992
11001001010000101010 (base 2) to base 6
25400254
What is 10254342 (base 6) in base 13?
a7b91
90099 (base 14) to base 6
11225143
-aa023 (base 13) to base 5
-34320414
Convert 149179 (base 16) to base 8.
5110571
12132031 (base 5) to base 6
2242425
What is -6aff5 (base 16) in base 7?
-3503505
-6a89c7 (base 13) to base 2
-1001101010010100010100
What is -2044421110 (base 5) in base 2?
-10000011000100111110011
202300010 (base 5) to base 12
337760
Convert -4135601 (base 9) to base 2.
-1000011011001101110100
What is 123011515 (base 6) in base 4?
21011111213
7d5a0 (base 16) to base 14
d5184
-10121110111 (base 3) to base 15
-160ba
Convert 411423 (base 7) to base 3.
10120021110
What is -111011100010010 (base 2) in base 15?
-9072
Convert 2221001001 (base 3) to base 13.
202c3
-210210222220 (base 4) to base 9
-20032351
1112146 (base 8) to base 10
300134
What is 13422032 (base 5) in base 3?
21001200210
What is -cb5157 (base 13) in base 11?
-2775a75
-1332324413 (base 5) to base 4
-30332202002
Convert 7851055 (base 9) to base 6.
230325035
Convert 15346173 (base 10) to base 2.
111010100010100111111101
What is 121232110333 (base 4) in base 13?
152146c
3044143 (base 6) to base 2
100011101010011111
Convert -2201433 (base 6) to base 11.
-75094
Convert -dbab6 (base 16) to base 12.
-374846
1101000110101001010 (base 2) to base 8
1506512
-584055 (base 9) to base 6
-11303335
Convert 5562143 (base 7) to base 8.
2476534
Convert -2a2891 (base 15) to base 5.
-1010034221
What is 22022222 (base 4) in base 5?
2313032
-18573ba (base 14) to base 12
-404a008
Convert -4824755 (base 9) to base 3.
-11220211211212
Convert -95074 (base 10) to base 7.
-544120
What is 434152402 (base 6) in base 11?
4420000
Convert 2110121211120 (base 3) to base 10.
1311351
Convert -7855 (base 11) to base 4.
-2201221
Convert -2102110211002 (base 3) to base 15.
-1a6cae
Convert -21001020101 (base 3) to base 4.
-201312322
Convert -53124252 (base 6) to base 13.
-423c56
14124051 (base 6) to base 15
9689d
Convert 4235033 (base 6) to base 16.
3293d
What is 60742 (base 11) in base 12?
4342b
-16020465 (base 7) to base 4
-11312220102
140342234 (base 5) to base 2
10101110101000110111
What is 10acd (base 15) in base 8?
147514
What is 6161512 (base 9) in base 14?
61847c
-2648c7 (base 14) to base 15
-1b0b93
-44540 (base 8) to base 9
-27681
Convert -165812 (base 10) to base 2.
-101000011110110100
56988 (base 10) to base 13
1cc29
415102 (base 7) to base 11
49705
-66476 (base 9) to base 12
-21659
18531c2 (base 13) to base 7
124355510
What is -300003 (base 7) in base 3?
-2120011120
248a45 (base 11) to base 12
16b225
Convert -18350 (base 16) to base 15.
-1e5a2
Convert 985171 (base 11) to base 10.
1573441
What is -23320233 (base 7) in base 2?
-111110101110011010010
Convert 175194a (base 11) to base 9.
5533337
406551 (base 9) to base 7
2022454
What is -465871 (base 10) in base 8?
-1615717
Convert -22032331133 (base 4) to base 5.
-1141321334
What is 174381 (base 11) in base 5?
32104224
Convert -2021132121 (base 4) to base 7.
-4533453
Convert 11330001 (base 4) to base 11.
17300
What is 1648314 (base 10) in base 15?
2285c9
What is 3b2128 (base 13) in base 6?
50412343
What is -9d4da (base 14) in base 7?
-3151563
1618d (base 16) to base 12
44465
What is 4321040 (base 5) in base 6?
1323114
Convert 30169a5 (base 11) to base 6.
310231202
-12bb03 (base 16) to base 14
-23d4c3
Convert -725382 (base 11) to base 7.
-12614564
Convert 1a039bb (base 12) to base 8.
24720737
Convert 11588 (base 16) to base 11.
4941a
-11514127 (base 8) to base 2
-1001101001100001010111
Convert -2105121 (base 6) to base 5.
-11232332
What is -16146034 (base 7) in base 9?
-2834064
Convert -526171 (base 8) to base 11.
-10a716
-162121 (base 9) to base 14
-2860d
1281846 (base 14) to base 5
4240320021
What is -3351767 (base 8) in base 15?
-12d7a6
What is -1010001220 (base 3) in base 8?
-52641
Convert -487893 (base 12) to base 15.
-183050
Convert 68482 (base 10) to base 16.
10b82
-10312411222 (base 5) to base 13
-23a32b8
What is 101110101111010010011100 (base 2) in base 11?
6a0938a
What is -2a6598 (base 14) in base 15?
-1e2b26
What is 43522 (base 12) in base 15?
1b4ee
-1096397 (base 10) to base 2
-100001011101011001101
Convert 16120443 (base 9) to base 10.
8044149
Convert -587007 (base 11) to base 14.
-1a3787
Convert 22aa1a (base 12) to base 4.
2020030312
What is 411140342 (base 6) in base 5?
3301330100
What is -355725 (base 10) in base 12?
-151a39
What is 110321112213 (base 4) in base 12?
1a02033
-31332021210 (base 4) to base 16
-37e264
Convert -234144244 (base 5) to base 9.
-2032364
Convert -610099 (base 14) to base 15.
-44784a
-15878 (base 10) to base 6
-201302
53b771 (base 15) to base 14
75b296
-22dc2 (base 16) to base 12
-6a76a
What is -2010311 (base 4) in base 15?
-27bb
-12121021113 (base 4) to base 12
-6899b3
Convert -21266 (base 13) to base 12.
-2a6a5
47e03 (base 16) to base 6
10150551
What is -11445033 (base 6) in base 5?
-43121411
What is 21556665 (base 7) in base 9?
3448713
Convert -332101001023 (base 4) to base 11.
-923948a
-3246065 (base 7) to base 6
-12311502
What is 55981 (base 14) in base 7?
1523321
1211520 (base 6) to base 8
174650
2323113040 (base 5) to base 7
62632213
What is -212322100 (base 5) in base 11?
-566369
-2813207 (base 11) to base 7
-56141101
-7693882 (base 10) to base 9
-15426017
What is -1317715 (base 10) in base 15?
-1b067a
Convert 5a5759 (base 12) to base 13.
3c214b
2020101203 (base 4) to base 9
1040608
-11011010010111100001000 (base 2) to base 5
-3312433324
What is 352001313 (base 6) in base 9?
13255410
Convert -310301313100 (base 4) to base 7.
-225413254
Convert -1414223002 (base 5) to base 3.
-20220011020102
f0e6 (base 16) to base 2
1111000011100110
221616 (base 10) to base 2
110110000110110000
Convert 22bc8 (base 14) to base 7.
501541
60012 (base 8) to base 5
1241321
Convert 310332201 (base 4) to base 12.
a56a9
What is 2999804 (base 11) in base 10?
5137301
-17493 (base 13) to base 14
-12436
-463945 (base 14) to base 15
-323a69
What is -1884377 (base 9) in base 15?
-15de1a
What is 13424133 (base 5) in base 15?
2b413
Convert 205001111 (base 6) to base 11.
2034336
-220414343 (base 5) to base 12
-39a587
What is -21202100121001 (base 3) in base 11?
-2364a79
Convert -114612 (base 7) to base 10.
-20883
What is -5a08c3 (base 14) in base 2?
-1011101110101111001011
-151a35 (base 14) to base 16
-b35bf
Convert 1210222020011 (base 3) to base 12.
3a5994
What is -905a